when 35342 is divided by 11777.
11
Calculate the remainder when 48272 is divided by 59.
10
Calculate the remainder when 753 is divided by 104.
25
Calculate the remainder when 16027 is divided by 3993.
55
What is the remainder when 5407 is divided by 76?
11
Calculate the remainder when 7399 is divided by 325.
249
Calculate the remainder when 183039 is divided by 130.
129
Calculate the remainder when 3817 is divided by 1329.
1159
What is the remainder when 1246079 is divided by 240?
239
What is the remainder when 17961 is divided by 222?
201
Calculate the remainder when 8710 is divided by 346.
60
What is the remainder when 277880 is divided by 138935?
10
Calculate the remainder when 12132 is divided by 1183.
302
What is the remainder when 3647 is divided by 1414?
819
What is the remainder when 4224 is divided by 572?
220
What is the remainder when 3917 is divided by 72?
29
What is the remainder when 5162 is divided by 513?
32
Calculate the remainder when 13554 is divided by 6724.
106
What is the remainder when 9514 is divided by 85?
79
What is the remainder when 54406 is divided by 27203?
0
Calculate the remainder when 154188 is divided by 5139.
18
Calculate the remainder when 1501007 is divided by 10.
7
Calculate the remainder when 19575 is divided by 215.
10
Calculate the remainder when 3706 is divided by 62.
48
What is the remainder when 209702 is divided by 40?
22
What is the remainder when 21961 is divided by 61?
1
What is the remainder when 3139 is divided by 582?
229
What is the remainder when 74542 is divided by 10646?
20
What is the remainder when 134430 is divided by 981?
33
Calculate the remainder when 5566 is divided by 265.
1
What is the remainder when 142622 is divided by 193?
188
What is the remainder when 1143 is divided by 150?
93
Calculate the remainder when 5985 is divided by 209.
133
Calculate the remainder when 500 is divided by 433.
67
Calculate the remainder when 5149 is divided by 2564.
21
Calculate the remainder when 78439 is divided by 695.
599
Calculate the remainder when 1546478 is divided by 26.
24
What is the remainder when 883 is divided by 290?
13
Calculate the remainder when 115993 is divided by 209.
207
Calculate the remainder when 90186 is divided by 23.
3
Calculate the remainder when 43847 is divided by 232.
231
What is the remainder when 5054 is divided by 82?
52
What is the remainder when 786104 is divided by 137?
135
Calculate the remainder when 2270 is divided by 276.
62
Calculate the remainder when 3008 is divided by 231.
5
Calculate the remainder when 1116 is divided by 3.
0
Calculate the remainder when 1544 is divided by 29.
7
What is the remainder when 3839 is divided by 1233?
140
Calculate the remainder when 1922 is divided by 252.
158
What is the remainder when 20012 is divided by 647?
602
Calculate the remainder when 2251 is divided by 66.
7
Calculate the remainder when 61755 is divided by 208.
187
Calculate the remainder when 10215 is divided by 79.
24
What is the remainder when 2100 is divided by 430?
380
Calculate the remainder when 37224 is divided by 214.
202
What is the remainder when 109813 is divided by 296?
293
Calculate the remainder when 7521 is divided by 101.
47
Calculate the remainder when 22791 is divided by 2079.
2001
What is the remainder when 408 is divided by 149?
110
Calculate the remainder when 45950 is divided by 128.
126
What is the remainder when 44331 is divided by 20?
11
What is the remainder when 200639 is divided by 28?
19
Calculate the remainder when 3803 is divided by 54.
23
What is the remainder when 545489 is divided by 181824?
17
Calculate the remainder when 7205 is divided by 73.
51
Calculate the remainder when 566535 is divided by 7.
4
Calculate the remainder when 906 is divided by 434.
38
Calculate the remainder when 18052 is divided by 205.
12
Calculate the remainder when 29836 is divided by 1491.
16
Calculate the remainder when 21174 is divided by 62.
32
Calculate the remainder when 227 is divided by 7.
3
What is the remainder when 2773 is divided by 303?
46
What is the remainder when 22416 is divided by 7468?
12
Calculate the remainder when 58589 is divided by 105.
104
Calculate the remainder when 49185 is divided by 30.
15
Calculate the remainder when 326 is divided by 54.
2
Calculate the remainder when 13892 is divided by 2289.
158
What is the remainder when 7936 is divided by 55?
16
Calculate the remainder when 6277279 is divided by 32.
31
Calculate the remainder when 1139 is divided by 435.
269
What is the remainder when 2472991 is divided by 20?
11
Calculate the remainder when 173437 is divided by 15.
7
Calculate the remainder when 1942 is divided by 1033.
909
What is the remainder when 319412 is divided by 546?
2
What is the remainder when 336771 is divided by 222?
219
What is the remainder when 1759 is divided by 299?
264
What is the remainder when 22301 is divided by 15?
11
Calculate the remainder when 640 is divided by 35.
10
What is the remainder when 3531 is divided by 710?
691
What is the remainder when 353016 is divided by 21?
6
Calculate the remainder when 10762 is divided by 872.
298
Calculate the remainder when 2797 is divided by 218.
181
Calculate the remainder when 4050 is divided by 107.
91
Calculate the remainder when 36153 is divided by 6.
3
Calculate the remainder when 29979 is divided by 270.
9
What is the remainder when 268707 is divided by 161?
159
What is the remainder when 2513 is divided by 358?
7
What is the remainder when 1628 is divided by 413?
389
Calculate the remainder when 141913 is divided by 286.
57
What is the remainder when 69045 is divided by 25?
20
Calculate the remainder when 94246 is divided by 18846.
16
What is the remainder when 1017 is divided by 782?
235
What is the remainder when 9197 is divided by 1149?
5
What is the remainder when 821 is divided by 25?
21
Calculate the remainder when 210362 is divided by 77.
75
Calculate the remainder when 344436 is divided by 89.
6
What is the remainder when 722493 is divided by 67?
32
What is the remainder when 538848 is divided by 1571?
1566
What is the remainder when 706120 is divided by 11?
8
What is the remainder when 9956 is divided by 989?
66
What is the remainder when 254517 is divided by 14?
11
What is the remainder when 3765 is divided by 3679?
86
What is the remainder when 15608 is divided by 325?
8
Calculate the remainder when 14422 is divided by 390.
382
Calculate the remainder when 5396 is divided by 759.
83
What is the remainder when 104465 is divided by 13057?
9
What is the remainder when 16045 is divided by 300?
145
Calculate the remainder when 11479 is divided by 87.
82
What is the remainder when 417 is divided by 16?
1
Calculate the remainder when 4638 is divided by 539.
326
Calculate the remainder when 2672 is divided by 18.
8
What is the remainder when 12039 is divided by 45?
24
What is the remainder when 2159 is divided by 682?
113
Calculate the remainder when 18819 is divided by 3.
0
What is the remainder when 561068 is divided by 95?
93
Calculate the remainder when 21202 is divided by 2352.
34
What is the remainder when 6960 is divided by 695?
10
What is the remainder when 20338 is divided by 2897?
59
Calculate the remainder when 51082 is divided by 336.
10
Calculate the remainder when 28611 is divided by 311.
310
Calculate the remainder when 412 is divided by 49.
20
Calculate the remainder when 41171 is divided by 11.
9
What is the remainder when 973 is divided by 298?
79
Calculate the remainder when 3073 is divided by 31.
4
What is the remainder when 2019135 is divided by 112?
111
Calculate the remainder when 433 is divided by 210.
13
What is the remainder when 107070 is divided by 36?
6
What is the remainder when 2674 is divided by 524?
54
What is the remainder when 382 is divided by 30?
22
What is the remainder when 5762 is divided by 1450?
1412
Calculate the remainder when 3278976 is divided by 481.
480
What is the remainder when 162580 is divided by 71?
61
Calculate the remainder when 64388 is divided by 381.
380
What is the remainder when 41597 is divided by 20?
17
What is the remainder when 15189 is divided by 1689?
1677
Calculate the remainder when 5500 is divided by 242.
176
What is the remainder when 169343 is divided by 28?
27
What is th